2). Let s(p) = 7*p**2 + p - 7. Let w be s(6). Suppose -4*h - 75 + w = k. Calculate the greatest common factor of h and 11.
11
Let l = 17 - 36. Let d = -11 - l. Calculate the highest common divisor of 56 and d.
8
Suppose 0 = -4*p + 55 + 21. Suppose -5*l + p = -46. Calculate the greatest common factor of 143 and l.
13
Let n(t) = t**2 + 4*t - 10. Let l be n(-5). Let u be (1 + -1 + -1)*l. What is the highest common factor of u and 10?
5
Suppose 2*u = 3 - 1. Let r be (u + 1)*(-7 + 8). Calculate the greatest common factor of r and 2.
2
Suppose h + 17 = 2*g, -5*h - 13 = -5*g + 17. Let v = 37 - 26. What is the highest common factor of v and g?
11
Suppose -k + 3*k + 5*n = 73, 152 = 4*k + 4*n. Suppose 0 = -7*f - 4 + k. What is the highest common factor of f and 1?
1
Let m(d) = d**3 + 8*d**2 + 7*d - 2. Let f be m(-7). Let u be ((-47)/f)/(2/44). Let a = u - 330. What is the greatest common divisor of 17 and a?
17
Suppose 0 = y - 5*r - 175, 0*y - 5*r = -3*y + 525. Suppose 5*b + 0*c = 2*c + 190, -4*b - 3*c + y = 0. Calculate the greatest common factor of 10 and b.
10
Let m(b) = b**2 - 4. Suppose -3*v - 5*d - 20 = -4*v, -3*d = 9. Let p be m(v). What is the greatest common divisor of p and 3?
3
Let s(h) = 5*h**2 + 5*h - 1. Let x be s(-2). What is the highest common factor of x and 135?
9
Let s = 0 - -7. Let k(n) = 13 - 6*n + s*n - 3. Let g be k(-5). What is the highest common divisor of g and 55?
5
Suppose x = 2*x - 36. Calculate the greatest common factor of x and 12.
12
Suppose 23*t + 32 = 27*t. Calculate the highest common factor of t and 8.
8
Suppose 0 = -2*o + 11 + 9. Suppose -1 = f - o. Let y(a) = -a**3 + 6*a**2 + 2*a - 3. Let v be y(6). What is the highest common divisor of v and f?
9
Suppose 0 = -b + 3*b - 24. Let v = 279 - 153. Suppose 3*z - 524 + v = 2*k, z = 2*k + 134. What is the greatest common factor of z and b?
12
Let m = -3 + 3. Suppose 3*z = -m*z + 21. Calculate the highest common divisor of 7 and z.
7
Let v(c) = c - 3. Let z be v(4). Suppose -2*p = 1 - 17. What is the highest common divisor of p and z?
1
Let i be (4/(-6))/(1/(-21)). Let v be 38 - 0*(-4 + 5). Suppose 5*n - 20 = -0*n, -3*x + v = -n. What is the greatest common factor of i and x?
14
Let h(f) = -f**3 + 8*f**2 - 6*f. Let c be h(5). Suppose -2*p = -c + 5. Calculate the greatest common factor of p and 10.
10
Suppose 5*z + 129 = 729. Let b be 4/2*z/16. What is the greatest common factor of 5 and b?
5
Let u(i) = -i + 32. Let n be u(8). Calculate the greatest common factor of n and 16.
8
Suppose b = 12 - 1. Suppose 6*l - 10 = l. Suppose 5 = l*f + s, -2*s + 16 = 4*f + 2*s. Calculate the highest common factor of f and b.
1
Let u be 10/3*(-72)/20. Let p be ((-1)/3)/(4/u). Suppose 7 = j + p. What is the highest common factor of j and 9?
3
Let a(v) = v**3 + 9*v**2 - 9*v**2 + 63. Let d be a(0). Calculate the greatest common divisor of 7 and d.
7
Let f be 86 + 1 + 4 + (-12)/(-4). Calculate the greatest common factor of f and 47.
47
Let c = 10 + -3. Suppose 8*l - 7 = 1. Calculate the highest common divisor of c and l.
1
Suppose w - 18 = -w. Let i be (3/(w/6))/(-2). Let n be 11*i*(0 + -3). Calculate the greatest common divisor of 3 and n.
3
Suppose 0 = 4*m - 4*u - 36, 5*u = -5*m - 0*u + 35. What is the highest common divisor of 24 and m?
8
Let r(x) = -x**2 + 16*x - 8. Let t be r(14). Calculate the highest common divisor of t and 20.
20
Suppose 4*c - 416 = -3*h - 0*c, 0 = 5*h + 4*c - 704. What is the highest common divisor of 16 and h?
16
Let g(f) = 3*f**2 - 3. Let i be g(3). Suppose t + 2 - 7 = 0. Suppose -t*o + 24 + 36 = 0. What is the greatest common divisor of o and i?
12
Suppose 4*q - 32 = -3*w, -6*q + q + 40 = 5*w. Let l = -14 + q. Let f = 1 - l. Calculate the highest common factor of f and 1.
1
Let i be (-2)/(1*2/(-11)). Let y = -6 - -14. Let b = 19 - y. What is the greatest common factor of b and i?
11
Suppose 0*n + 5*f = 3*n - 375, -635 = -5*n + 5*f. Calculate the greatest common divisor of n and 52.
26
Suppose 2*j + 34 = p, -10*p - 4*j - 32 = -11*p. What is the greatest common divisor of 12 and p?
12
Suppose 0 = 4*c - 4*s - 776, 4*s = -2*c + 5*c - 580. Calculate the greatest common factor of 28 and c.
28
Let b be 4/3*9/6. Let d(n) = -b + 2*n - 5*n + 8 + 2*n. Let j be d(-7). What is the highest common factor of 130 and j?
13
Let c = -24 - -39. What is the highest common factor of 15 and c?
15
Let o(a) = a**3 - 6*a**2 + 6*a + 2. Let t be o(7). Suppose -4*r - c = -81, 0 = -5*r - 5*c + c + t. Calculate the highest common factor of r and 231.
21
Suppose 2*g - 53 = t - 0*t, -2*g + 4*t = -62. Calculate the greatest common divisor of g and 20.
5
Let o be (3 - -1)*(-45)/20. Let v be -6*o/2 + -3. Calculate the highest common factor of 216 and v.
24
Suppose 0*y = -2*y + 26. Calculate the highest common factor of 143 and y.
13
Let t(d) = -109*d - 5. Let f be t(-1). What is the highest common divisor of f and 13?
13
Let n(f) = 10*f - 9. Let z be n(6). Let c = -23 + z. Let v be 6 - ((-4 - -4) + 2). What is the greatest common factor of v and c?
4
Let w = 67 - 31. Let b be (-1)/2 - (-5020)/8. Let c be 9/21 - b/(-7). What is the greatest common divisor of w and c?
18
Let l = -98 + 40. Suppose -40 = -s + 88. Let o = l + s. Calculate the greatest common divisor of o and 10.
10
Let w be 1*3/((-3)/(-1)). Let x = 1 + w. Calculate the highest common divisor of x and 16.
2
Let a be 6/21 - (-104)/28. Suppose 0 = u - 4*u + a*m + 114, 4*m = 5*u - 182. Calculate the greatest common divisor of u and 51.
17
Let b = -5 - -14. Suppose 5*m = 5, 2*m + b = 3*p - 19. Let q = p + 0. What is the greatest common divisor of q and 15?
5
Let p be 680/28 - (-8)/(-28). Calculate the greatest common factor of p and 36.
12
Let f(j) = j**3 - j + 12. Let b be f(0). Suppose c + 5*v + 8 = 25, 3*c + 2*v = b. Calculate the highest common divisor of c and 2.
2
Let c be 3/((-2 + 1)/(-1)). Let n(a) = a**2 - 10*a**2 - a**3 + 3 + 4*a**3 + 7*a**2. Let g be n(c). Calculate the highest common divisor of 6 and g.
6
Let s = -44 - -79. Calculate the highest common factor of 35 and s.
35
Suppose v + 30 = 32. What is the highest common divisor of v and 2?
2
Let a(w) = 2*w**2 - 8*w + 27. Let k be a(7). What is the highest common factor of k and 23?
23
Let n(o) = 1. Let v(r) = r + 1. Let t(s) = 2*n(s) - v(s). Let u be t(-1). What is the greatest common divisor of u and 2?
2
Let x = -16 - -10. Let q(u) = u**2 + 6*u + 4. Let m be q(x). Let w = 11 - m. What is the greatest common factor of 21 and w?
7
Let j(a) = -a**2 - 7*a + 8. Let n be j(-6). What is the highest common factor of n and 21?
7
Suppose -3*s = -98 - 52. Suppose 400 = 5*b - s. What is the greatest common factor of b and 10?
10
Let u be 0 - 3/((-9)/6). Let d be u*-1 + -6 + 20. Calculate the greatest common divisor of 4 and d.
4
Let p be ((-7)/2)/(2/(-12)). Let h = 39 - p. Calculate the greatest common divisor of h and 9.
9
Suppose 82 = -17*a + 19*a. Calculate the highest common factor of a and 246.
41
Let i = 11 - 15. Let l(r) = -2*r**3 - 6*r**2 - r + 4. Let y be l(i). What is the highest common divisor of y and 4?
4
Let g(m) = -m**2 + 8*m. Let n be g(6). Let c be 2/(-7) + 1518/21. Suppose -4*h + h = -c. Calculate the greatest common divisor of h and n.
12
Let p = -298 - -584. What is the greatest common factor of p and 26?
26
Let z(g) = -25*g - 1. Let j be z(-1). Let y be 2/(0 - (-2)/48). Suppose -m + y = 3*m. Calculate the greatest common divisor of j and m.
12
Let l = -4 - -2. Let n be (-6)/2 + 73 - l. Let h = 15 + -6. What is the highest common divisor of n and h?
9
Let p be (2 + (-28)/12)/(9/(-648)). Suppose 0 = -2*m - 2*m + 16. Suppose -m*v - 24 = -7*v. Calculate the highest common factor of v and p.
8
Suppose 2*z = -z + 363. Let l = -4 + 7. Suppose a + l - 14 = 0. What is the highest common divisor of z and a?
11
Suppose 2*c - 249 = u + 2*u, 5*c - u = 603. Suppose -4 = -2*m + 4*v, 4*v + 3 + 25 = 4*m. Calculate the greatest common factor of m and c.
12
Let a be (1 - 2)*0/(-5). Suppose a = -5*n - 4*f + 37 + 13, -n - f = -10. Calculate the greatest common factor of 70 and n.
10
Let k(m) = m + 13. Let w be k(-9). Suppose 2*d = y + 2 + 4, -16 = -2*d - w*y. Let n be (-1)/2*(0 + -12). What is the highest common factor of n and d?
2
Let r = -176 + 312. Suppose 5*c - 5*m = 89 + r, 4*c - 